+ -3)?
2
What is the value of 5 - (-2 - -2) - 4?
1
Evaluate (1 - (-16 - -23)) + (0 - 0).
-6
Evaluate 1 + (4 - 0) + -4 + -1.
0
What is the value of 6 + -6 + 0 + 2 + -5?
-3
What is the value of -3 + (-3 + 6 + -5 - -3)?
-2
Evaluate -11 - (5 + -1 - 9).
-6
Evaluate (4 - 6 - -6) + -3.
1
-17 + 8 - (-13 - -4)
0
What is 3 - (-1 - (-3 - (-3 - -1)))?
3
Calculate (2 - 1) + (-1 - -2).
2
-1 - -4 - (-6 - -11)
-2
Evaluate (18 + -14 - (4 - 1)) + 4.
5
Evaluate 6 + (8 - (-6 + 14)).
6
Calculate (1 - (-2 - -1)) + (6 - 7).
1
What is the value of 1 - (-4 - -2 - (2 - 1))?
4
(1 - (2 - 0)) + -1 + 1
-1
What is the value of -1 - (0 - -1 - -2)?
-4
Evaluate 0 - -1 - (-7 - (0 + -4)).
4
(2 - -12) + -7 - (-2 + 4)
5
5 + 1 + (-1 - -11 - 13)
3
What is 3 + 2 + 1 + -3?
3
What is the value of 2 + (-1 - 0 - 2)?
-1
Evaluate (-14 - -8) + 4 - (1 + -8).
5
2 + (0 - 1) + -25 + 26
2
Calculate (-2 - (-3 + -4 + 3)) + 5.
7
Evaluate (7 - 18) + 3 + 7 - -2.
1
What is the value of (3 + (2 - 3) - -5) + -2?
5
4 - (9 + -15) - 5
5
What is -1 + 1 + -4 + (-4 - -7)?
-1
(4 - -2) + -6 + 1
1
What is -18 + 25 + (1 - 5)?
3
What is the value of 1 + -3 + 1 + 3 + 0?
2
What is 5 - (15 - (0 + 5))?
-5
What is the value of -11 + 12 - (-1 + (1 - -2))?
-1
What is the value of -1 + -3 + (1 - 1) + 3?
-1
What is 6 + -4 + -2 + 6 - 12?
-6
-1 + 8 + (-10 - -3)
0
What is (102 - 89) + (-10 - 1)?
2
What is the value of -2 - ((1 - -4 - 7) + 2)?
-2
Calculate -5 - ((-9 - -5) + 2).
-3
Evaluate 0 - 4 - (22 + 0 + -35).
9
Evaluate -1 + -2 + 4 + (-11 - -7).
-3
-5 - (-2 + 6 + -4)
-5
Calculate 1 - -3 - (1 - (2 + -9)).
-4
Calculate -3 + -4 + -1 + 13.
5
Evaluate -4 + 2 - (2 + -1).
-3
What is the value of (1 - (6 + 0 + -5)) + 4?
4
Evaluate 1 + 1 + -4 + 6.
4
What is -5 + -2 + -3 + 7 - -1?
-2
What is 2 + (-2 - 4 - 0)?
-4
Calculate 2 - -2 - (-4 - (0 - 3)).
5
Evaluate 3 + 5 + -4 + 2 + -1.
5
What is the value of 7 - 8 - (2 + -1)?
-2
(0 - 5) + 16 + -7
4
(1 - -3) + (3 - 6) + 4
5
What is the value of -1 + 10 - (-3 + 9)?
3
Calculate -6 - (-5 + -3 + 7).
-5
Calculate (2 - 1) + -5 + 3.
-1
Calculate -4 + -4 + (3 - -9).
4
Calculate -8 + (-2 - -10) + 1 + -2.
-1
Calculate -5 - (2 + 0 + -3).
-4
What is 1 + (3 - 4 - (6 + -3))?
-3
What is (2 + -5 - 0) + 4?
1
1 + (13 - -1) - 8
7
Calculate 1 + -7 - (-2 - 1).
-3
Evaluate -3 - ((-1 - 0) + (-7 - -5)).
0
What is (6 - 11) + 2 + -3 - -5?
-1
What is the value of -7 - (7 - 16) - 1?
1
-1 + 5 + (-4 + -7 - -9)
2
Evaluate -8 + -10 - -4 - -10.
-4
(1 - (2 - 13)) + -8
4
What is -3 - (-3 - 5) - 8 - -4?
1
Evaluate 5 + (9 + -6 - 2) + -7.
-1
Calculate -4 + (-2 - (4 + -10)) + 0.
0
What is (25 - 29) + (-1 - -7) - -1?
3
Evaluate -9 - -8 - (-5 + 0).
4
Evaluate 4 - (1 + (-2 - -6)).
-1
3 - 0 - (5 - 3 - 0)
1
Evaluate 0 - 3 - (6 + 3 + -9).
-3
(-10 - (3 + -8)) + 9
4
Calculate -1 + 5 - (4 + -1).
1
(2 - 15) + (8 - 1)
-6
Evaluate 7 - (-2 + (5 - 2 - -2)).
4
Calculate 3 + 0 + -5 - (-7 + 8).
-3
Calculate 17 - (13 + -1 + -2).
7
Calculate -3 - (-4 - -5) - 1.
-5
-39 + 44 - (9 - 0)
-4
Calculate 0 + 2 + 6 + -9.
-1
What is the value of 0 + -5 + -5 + 5?
-5
What is 14 + 1 + -89 + 82?
8
What is the value of -16 + (12 - -6) + -10?
-8
3 + -1 + (76 - 85)
-7
What is (3 - 4) + (-1 - 1)?
-3
(-2 - (-8 + 8)) + 7 + -3
2
0 - (0 + -6 + 5 + 4)
-3
Calculate 0 - 1 - (1 - 0).
-2
What is the value of -4 + -1 + 3 - -1 - 1?
-2
What is the value of 5 - 8 - (3 + -2 + 2)?
-6
Evaluate -2 + 3 - (4 + -4 - -2).
-1
-2 + -1 - (-1 + -1) - 2
-3
Evaluate -1 - (-14 + 23 + 0 + -2).
-8
-3 - (4 + -5 - 2)
0
What is the value of -8 + (17 - (7 + 1)) - 8?
-7
Evaluate 1 - 3 - (0 - (-5 + 3)).
-4
What is the value of 4 - 5 - (-24 + 18)?
5
Evaluate 4 - -1 - (-6 + 0 - -7).
4
What is the value of 4 + -7 - (0 + 1)?
-4
What is the value of -2 - (4 + (2 - 0) + -7)?
-1
What is 1 + -6 + -2 - -12?
5
What is the value of (8 - 3) + -4 + 3?
4
What is the value of -4 - (-4 + 0 - 5)?
5
What is the value of 1 - -10 - 13 - -4?
2
1 - (-3 + -1 + 3)
2
What is the value of -2 + (0 + 8 - 1)?
5
Calculate -2 + -1 + 18 + -20.
-5
What is -4 + (-15 - -11 - (-5 + -1))?
-2
1 + 2 + (-1 - (8 + -5))
-1
Calculate 1 + 2 - ((-2 - -5) + 6).
-6
What is the value of -12 + -4 + -2 + 12?
-6
What is the value of -9 + (-2 - -7) - 1 - -1?
-4
Evaluate -6 - ((5 - 20) + 4).
5
What is the value of -4 - -3 - -8 - (-6 - -9)?
4
Calculate 12 + -15 + 7 + -5.
-1
-12 + 12 + -4 + (-1 - -2)
-3
What is the value of 5 - (0 - 0 - 2)?
7
(-1 - 1) + -8 + -10 + 22
2
Calculate (-3 - -1) + (-4 - 5) + 3.
-8
Calculate -13 - -1 - -1 - (20 - 26).
-5
What is 3 - (16 + (8 - 17))?
-4
What is (2 + -2 - -2) + -3 + 5?
4
-6 - (12 + -13 + 5)
-10
10 - (10 + (4 - 4) + -5)
5
4 + 0 - (-8 + 11)
1
What is (4 + -6 - (-2 + -5)) + 1?
6
Calculate 1 - (1 + 4 + -3).
-1
Calculate -1 + (1 - 1) - (1 + 3).
-5
Evaluate -1 + (-2 + 0 - (7 + -5)).
-5
22 - 24 - (1 - 2 - -5)
-6
What is 4 - (2 + 1) - (7 + -3)?
-3
What is (75 - 68 - (1 + 12)) + 0?
-6
What is 5 + (-8 - -9) + -4?
2
What is 16 + -6 + -4 + (-1 - 2)?
3
Evaluate -3 + (-8 - -6) + 4.
-1
(9 + (1 - -5) - 8) + -5
2
Evaluate -189 - -197 - ((2 - 0) + -1).
7
Calculate (-7 - -10 - 7 - 4) + 1.
-7
What is (0 - (-4 - -5)) + -2?
-3
Evaluate (2 - 1) + (-3 - (-4 + -3)).
5
Calculate (15 + 9 - 10) + -5 + 0.
9
What is the value of -2 - (1 + -5 + -2)?
4
Calculate (-8 - (-11 - 4) - 11) + -6.
-10
Evaluate (-3 - 1 - (-4 - 1)) + -3.
-2
-1 + -3 + 9 + (5 - 5)
5
Evaluate 8 + (0 - -8) + -14.
2
Evaluate -1 + -1 - (-14 + 4).
8
(0 + -3 - (0 + -1)) + 4
2
What is the value of 3 + 5 + (3 - 18) + 4?
-3
What is (-3 - -10 - -1) + (-1 - 2)?
5
What is -4 + -2 + 10 + 2 + -2?
4
Evaluate -4 + 3 + -3 + 8.
4
What is -9 + (-5 - -6) + 3?
-5
What is the value of -4 - ((4 - 4) + 0)?
-4
Evaluate (12 - (-7 - -12)) + -10.
-3
Calculate 6 + -1 + (23 - 31).
-3
What is 2 + 1 + 3 + -9?
-3
What is the value of -3 + -11 + 14 + -2?
-2
Calculate 0 - (1 - (0 - -1)) - -5.
5
Evaluate 1 + (0 - 2) + -3.
-4
What is the value of -6 - (-2 + -3 - (-16 + 21))?
4
Calculate 18 + -26 - (-3 - 1).
-4
What is 6 + 4 + (1 - -4 - 12)?
3
2 - (-2 + 1 + 2)
1
0 - (1 - 3 - (4 + -7))
-1
What is the value of -8 + (0 - (-14 - -2))?
4
-5 + (3 + (1 - -1) - 5)
-5
What is -1 - (1 + (0 + -1 - -3))?
-4
10 + -6 - 9 - -5
0
Evaluate -6 + (4 + 2 - -2).
2
What is the value of (0 - (1 - 7)) + -2 + -1?
3
What is (8 - 1) + (-5 - 0) + 4?
6
What is 9 + (-4 - 5) + 6?
6
Evaluate 0 + -1 + (3 - 7).
-5
Calculate -6 + 0 + 3 + (-5 - -6).
-2
-4 + 2 + 8 - 10
-4
What is the value of 3 - -2 - 10 - (-1 + -3)?
-1
Evaluate -7 - 0 - (138 + -148).
3
Evaluate (-135 - -136) + -1 + -5.
-5
What is the value of -3 - (2 + (7 - 12))?
0
What is the value of 163 - 167 - (1 + (-1 - 6))?
2
What is (2 - 6) + 2 + (-9 - -8)?
-3
Calculate 8 + (-1 - 6) + (-1 - 3).
-3
Evaluate 0 - ((5 + -1 - 4) + -6).
6
What is -2 - (-4 + 4 - (-2 - -1))?
-3
What is the value of (2 - 1) + 15 + -22 + 1?
-5
-5 - (4 - 8) - -2
1
Calculate 5 + (-5 + -4 - 0).
-4
3 + (-70 - -57 - (0 - 5))
-5
What is 3 - -2 - (20 - 15)?
0
What is the value of (9 - 9) + 1 + 1 + 2?
4
-3 + 6 + -7 + 3
-1
Calculate -3 + -2 + (-2 - (-7 - -2)).
-2
What is (4 + -5 - -4) + -3?
0
Evaluate (3 + -7 - -10 - 3) + -7.
-4
What is (-3 - (4 + -1)) + (2 - -1)?
-3
What is -1 + 2 + (2 - -1 - 12)?
-8
-1 + (2 - 4 - -6) - 7
-4
What is the value of -2 + 2 - (-4 + 0)?
4
What is the value of -20 - -24 - ((0 - -1) + 3)?
0
Calculate (3 - -3) + -8 + 7.
5
Calculate 6 + (-3 - -4 - (1 + 3)).
3
(-1 - -5) + -5 - 5 - -1
-5
(-5 - (11 + -32)) + (-7 - 0)
9
1 + -2 + -2 + 1 + -1
-3
-2 + -7 + -1 + (8 - 3)
-5
1 + 1 - (8 + (-22 - -11))
5
What is 1 + (-3 - 4) + 7?
1
Evaluate 5 + (-5 + -1 - 0).
-1
What is the value of (30 - 29) + 3 + 0 - 1?
3
Evaluate -5 + 2 + 1 + -3.
-5
Calculate (-6 - (-6 + 0)) + 4.
4
Evaluate 15 + (-6 - 2) + 2.
9
Calculate -2 - -4 - (-2 - -2).
2
Evaluate -3 + -1 + -1 - -12.
7
What is the value of -11 + -1 + 9 + 3?
0
Evaluate -8 - (-6 + -14 + 7).
5
Calculate 3 + (5 + -2 - 2).
4
What is the value of (10 - ((5 - 4) + 5)) + 2?
6
What is the value of (-1 - 2) + (-4 - -3)?
-4
-3 + -1 + 6 + (1 - 8)
-5
(0 - 8) + (3 - 1) - -4
-2
What is the value of 1 + (3 + 2 - 10)?
-4
Calculate (16 - 3 - 6) + -3.
4
What is the value of -7 - (2 + 8 + -20)?
3
What is the value of -9 - (7 - (10 + 13))?
7
Calculate -1 + (-5 - -12 - 4).
2
What is the value of -2 + 1 - (-14 + 30 - 13)?
-4
Evaluate 4 + (-2 - (12 - 4) - -5).
-1
Calculate -114 + 116 + (0 - 